{"id":901,"date":"2024-05-04T07:27:24","date_gmt":"2024-05-04T05:27:24","guid":{"rendered":"https:\/\/shop.iberikhoteles.com\/gran-balneario-de-guitiriz\/?post_type=product&#038;p=901"},"modified":"2026-03-27T14:09:41","modified_gmt":"2026-03-27T13:09:41","slug":"termalismo-senior-guitiriz","status":"publish","type":"product","link":"https:\/\/shop.iberikhoteles.com\/gran-balneario-de-guitiriz\/producto\/termalismo-senior-guitiriz\/","title":{"rendered":"Termalismo senior en Guitiriz"},"content":{"rendered":"<h4 data-path-to-node=\"4\"><b data-path-to-node=\"4\" data-index-in-node=\"0\">Reg\u00e1late una pausa en el balneario con m\u00e1s historia de Galicia.<\/b><\/h4>\n<p data-path-to-node=\"5\">Hemos dise\u00f1ado esta experiencia exclusiva pensando en quienes saben que el verdadero lujo es el tiempo y el bienestar. Disfruta de una estancia reparadora rodeado de naturaleza, d\u00e9jate mimar por las propiedades de nuestras aguas mineromedicinales y saborea nuestra gastronom\u00eda sin preocupaciones.<\/p>\n<p><!--more--><\/p>\n<p>En <em>7 Mui\u00f1os<\/em>, nuestro espacio gastron\u00f3mico de referencia, rodeados por la calma del bosque disfrutar\u00e9is de una experiencia gastron\u00f3mica donde el producto de temporada y la cocina de autor cobran vida, convirtiendo cada plato en un homenaje al sabor de Galicia.<\/p>\n<p>Es el momento de desconectar para reconectar contigo mismo en un entorno de tranquilidad absoluta.<\/p>\n<p><strong>El bono incluye<\/strong><\/p>\n<ul>\n<li><strong>Alojamiento y desayuno para dos personas<\/strong>\u00a0en habitaci\u00f3n doble con todas las comodidades<\/li>\n<li data-path-to-node=\"7,1,0\"><b>Cena y almuerzo en el Restaurante 7 Mui\u00f1os:<\/b> Podr\u00e1s disfrutar de un sorprendente men\u00fa degustaci\u00f3n elaborado con productos seleccionados por nuestro chef. 5 pases que incluyen productos del mar y de la tierra dise\u00f1ado para sorprender a los paladares m\u00e1s exigentes. <em>(Bebidas no incluidas)<\/em><\/li>\n<li data-path-to-node=\"7,2,0\"><b data-path-to-node=\"7,2,0\" data-index-in-node=\"0\">Bienestar termal:<\/b> 1 acceso por persona a nuestro <b data-path-to-node=\"7,2,0\" data-index-in-node=\"58\">Circuito Acu\u00e1tico<\/b> (90 minutos), donde el agua de Guitiriz renovar\u00e1 tu energ\u00eda.<\/li>\n<li data-path-to-node=\"7,3,0\"><b data-path-to-node=\"7,3,0\" data-index-in-node=\"0\">Tratamiento personalizado:<\/b> 1 t\u00e9cnica hidrotermal por persona a elegir seg\u00fan tus necesidades:\n<ul>\n<li data-path-to-node=\"7,3,1,0,0\">Ba\u00f1o de hidromasaje (relax profundo).<\/li>\n<li data-path-to-node=\"7,3,1,1,0\">Chorro (tonificante).<\/li>\n<li data-path-to-node=\"7,3,1,2,0\">Parafango (alivio muscular).<\/li>\n<\/ul>\n<\/li>\n<\/ul>\n<ul>\n<li>V\u00e1lido de domingo a viernes y sujeto a disponibilidad.<\/li>\n<li>Imprescindible que al menos una de las personas alojadas con el bono sea mayor de 55 a\u00f1os.<\/li>\n<li><em>Este bono regalo no podr\u00e1 ser usado en agosto, puentes y festivos. No ser\u00e1 v\u00e1lido en galas organizadas por el hotel y estar\u00e1 sujeto a la\u00a0 disponibilidad del cupo de bonos regalo del establecimiento.<\/em><\/li>\n<\/ul>\n","protected":false},"excerpt":{"rendered":"<p>Reg\u00e1late una pausa en el balneario con m\u00e1s historia de Galicia. Hemos dise\u00f1ado esta experiencia exclusiva pensando en quienes saben que el verdadero lujo es el tiempo y el bienestar. Disfruta de una estancia reparadora rodeado de naturaleza, d\u00e9jate mimar por las propiedades de nuestras aguas mineromedicinales y saborea nuestra gastronom\u00eda sin preocupaciones.<\/p>\n","protected":false},"featured_media":335,"template":"","meta":{"inline_featured_image":false},"product_brand":[],"product_cat":[50],"product_tag":[56,47,48],"class_list":{"0":"post-901","1":"product","2":"type-product","3":"status-publish","4":"has-post-thumbnail","6":"product_cat-iberik-gran-balneario-de-guitiriz","7":"product_tag-senior","8":"product_tag-termalismo","9":"product_tag-wellness","11":"first","12":"instock","13":"virtual","14":"purchasable","15":"product-type-simple"},"_links":{"self":[{"href":"https:\/\/shop.iberikhoteles.com\/gran-balneario-de-guitiriz\/wp-json\/wp\/v2\/product\/901","targetHints":{"allow":["GET"]}}],"collection":[{"href":"https:\/\/shop.iberikhoteles.com\/gran-balneario-de-guitiriz\/wp-json\/wp\/v2\/product"}],"about":[{"href":"https:\/\/shop.iberikhoteles.com\/gran-balneario-de-guitiriz\/wp-json\/wp\/v2\/types\/product"}],"wp:featuredmedia":[{"embeddable":true,"href":"https:\/\/shop.iberikhoteles.com\/gran-balneario-de-guitiriz\/wp-json\/wp\/v2\/media\/335"}],"wp:attachment":[{"href":"https:\/\/shop.iberikhoteles.com\/gran-balneario-de-guitiriz\/wp-json\/wp\/v2\/media?parent=901"}],"wp:term":[{"taxonomy":"product_brand","embeddable":true,"href":"https:\/\/shop.iberikhoteles.com\/gran-balneario-de-guitiriz\/wp-json\/wp\/v2\/product_brand?post=901"},{"taxonomy":"product_cat","embeddable":true,"href":"https:\/\/shop.iberikhoteles.com\/gran-balneario-de-guitiriz\/wp-json\/wp\/v2\/product_cat?post=901"},{"taxonomy":"product_tag","embeddable":true,"href":"https:\/\/shop.iberikhoteles.com\/gran-balneario-de-guitiriz\/wp-json\/wp\/v2\/product_tag?post=901"}],"curies":[{"name":"wp","href":"https:\/\/api.w.org\/{rel}","templated":true}]}}