{"id":1110,"date":"2024-11-20T15:12:21","date_gmt":"2024-11-20T14:12:21","guid":{"rendered":"https:\/\/shop.iberikhoteles.com\/augas-santas-balneario-golf\/?post_type=product&#038;p=1110"},"modified":"2026-03-31T13:31:38","modified_gmt":"2026-03-31T11:31:38","slug":"termalismo-senior-ribeira-sacra","status":"publish","type":"product","link":"https:\/\/shop.iberikhoteles.com\/augas-santas-balneario-golf\/producto\/termalismo-senior-ribeira-sacra\/","title":{"rendered":"Termalismo Senior en Ribeira Sacra"},"content":{"rendered":"<div>\n<p>Una escapada termal para mayores de 55 a\u00f1os en pleno coraz\u00f3n de la Ribeira Sacra.<\/p>\n<p>Disfruta de nuestro circuito termal, de nuestro restaurante y de una t\u00e9cnica hidrotermal en un entorno rodeado de naturaleza y tranquilidad.<\/p>\n<ul>\n<li>V\u00e1lido de domingo a viernes, excepto agosto, puentes y festivos. Sujeto a disponibilidad.<\/li>\n<li>Imprescindible que al menos una de las personas alojadas con el bono sea mayor de 55 a\u00f1os.<\/li>\n<\/ul>\n<\/div>\n<p><!--more--><\/p>\n<p><span style=\"text-decoration: underline;\">El bono incluye:<\/span><\/p>\n<ul>\n<li style=\"list-style-type: none;\">\n<ul>\n<li>1 noche de alojamiento en habitaci\u00f3n doble en r\u00e9gimen de pensi\u00f3n completa (Buffet).<\/li>\n<li>1 acceso al circuito acu\u00e1tico por persona<\/li>\n<li>3 t\u00e9cnicas hidrotermales por persona que consisten en estufa h\u00fameda, pediluvio y ducha termal.<\/li>\n<\/ul>\n<\/li>\n<\/ul>\n<p><em>Este bono regalo no podr\u00e1 ser usado en agosto, puentes y festivos. No ser\u00e1 v\u00e1lido en galas organizadas por el hotel y estar\u00e1 sujeto a la\u00a0 disponibilidad del cupo de bonos regalo del establecimiento.<\/em><\/p>\n","protected":false},"excerpt":{"rendered":"<p>Una escapada termal para mayores de 55 a\u00f1os en pleno coraz\u00f3n de la Ribeira Sacra. Disfruta de nuestro circuito termal, de nuestro restaurante y de una t\u00e9cnica hidrotermal en un entorno rodeado de naturaleza y tranquilidad. V\u00e1lido de domingo a viernes, excepto agosto, puentes y festivos. Sujeto a disponibilidad. Imprescindible que al menos una de [&hellip;]<\/p>\n","protected":false},"featured_media":1113,"template":"","meta":{"inline_featured_image":false},"product_brand":[],"product_cat":[51],"product_tag":[56,47,48],"class_list":{"0":"post-1110","1":"product","2":"type-product","3":"status-publish","4":"has-post-thumbnail","6":"product_cat-iberik-augas-santas","7":"product_tag-senior","8":"product_tag-termalismo","9":"product_tag-wellness","11":"first","12":"instock","13":"virtual","14":"purchasable","15":"product-type-simple"},"_links":{"self":[{"href":"https:\/\/shop.iberikhoteles.com\/augas-santas-balneario-golf\/wp-json\/wp\/v2\/product\/1110","targetHints":{"allow":["GET"]}}],"collection":[{"href":"https:\/\/shop.iberikhoteles.com\/augas-santas-balneario-golf\/wp-json\/wp\/v2\/product"}],"about":[{"href":"https:\/\/shop.iberikhoteles.com\/augas-santas-balneario-golf\/wp-json\/wp\/v2\/types\/product"}],"wp:featuredmedia":[{"embeddable":true,"href":"https:\/\/shop.iberikhoteles.com\/augas-santas-balneario-golf\/wp-json\/wp\/v2\/media\/1113"}],"wp:attachment":[{"href":"https:\/\/shop.iberikhoteles.com\/augas-santas-balneario-golf\/wp-json\/wp\/v2\/media?parent=1110"}],"wp:term":[{"taxonomy":"product_brand","embeddable":true,"href":"https:\/\/shop.iberikhoteles.com\/augas-santas-balneario-golf\/wp-json\/wp\/v2\/product_brand?post=1110"},{"taxonomy":"product_cat","embeddable":true,"href":"https:\/\/shop.iberikhoteles.com\/augas-santas-balneario-golf\/wp-json\/wp\/v2\/product_cat?post=1110"},{"taxonomy":"product_tag","embeddable":true,"href":"https:\/\/shop.iberikhoteles.com\/augas-santas-balneario-golf\/wp-json\/wp\/v2\/product_tag?post=1110"}],"curies":[{"name":"wp","href":"https:\/\/api.w.org\/{rel}","templated":true}]}}